{"id":5010,"date":"2020-08-18T17:00:49","date_gmt":"2020-08-18T17:00:49","guid":{"rendered":"http:\/\/helenaanjos.com\/?page_id=5010"},"modified":"2020-09-04T15:11:52","modified_gmt":"2020-09-04T15:11:52","slug":"psicoterapia-de-orientacao-analitica","status":"publish","type":"page","link":"https:\/\/helenaanjos.com\/en_en\/psicoterapia-de-orientacao-analitica\/","title":{"rendered":"Psychotherapy of Analytical Orientation"},"content":{"rendered":"<div  class=\"content_row row vc_row wpb_row  default-style fullwidth\">\n\t\n\t<div class=\"content_row_wrapper  default\">\n\t<div class=\"center vc_col-sm-12 wpb_column vc_column_container rt-1221092 has-bg-image has-custom-bg custom_bg rt-column-container\"><div class=\"rt-parallax-background has-bg-image\" data-rt-parallax-direction=\"-1\" data-rt-parallax-effect=\"horizontal\" data-rt-parallax-speed=\"1\" style=\"background-image: url(https:\/\/helenaanjos.com\/wp-content\/uploads\/2020\/08\/psicoterapia_topo.jpg);background-repeat: no-repeat!important;background-size: 50% auto!important;background-attachment: scroll!important;background-position: center center!important;\"><\/div>\n\t<div class=\"vc_column-inner rt-column-inner\">\n\t\t<div class=\"wpb_wrapper rt-wrapper\">\n\t\t\t<div class=\"vc_empty_space\"   style=\"height: 130px\"><span class=\"vc_empty_space_inner\"><\/span><\/div>\n\t<div class=\"wpb_text_column wpb_content_element\" >\n\t\t<div class=\"wpb_wrapper\">\n\t\t\t<h1>PSICOTERAPIA DE<br \/>\nORIENTA\u00c7\u00c3O ANAL\u00cdTICA<\/h1>\n\n\t\t<\/div>\n\t<\/div>\n\n\t<div  class=\"wpb_single_image wpb_content_element vc_align_center\">\n\t\t\n\t\t<figure class=\"wpb_wrapper vc_figure\">\n\t\t\t<div class=\"vc_single_image-wrapper   vc_box_border_grey\"><img decoding=\"async\" width=\"150\" height=\"26\" src=\"https:\/\/helenaanjos.com\/wp-content\/uploads\/2020\/08\/separadorAzeitona-150x26.png\" class=\"vc_single_image-img attachment-thumbnail\" alt=\"\" \/><\/div>\n\t\t<\/figure>\n\t<\/div>\n\n\t\t<\/div>\n\t<\/div>\n\t<\/div>\n\n<\/div>\n<\/div>\n\n<div  class=\"content_row row vc_row wpb_row  default-style fullwidth\">\n\t\n\t<div class=\"content_row_wrapper  default\"><div class=\"center vc_col-sm-3 wpb_column vc_column_container rt-7369568 rt-column-container\">\n\t<div class=\"vc_column-inner rt-column-inner\">\n\t\t<div class=\"wpb_wrapper rt-wrapper\">\n\t\t\t\n\t\t<\/div>\n\t<\/div>\n\t<\/div>\n\n\t<div class=\"center vc_col-sm-6 wpb_column vc_column_container rt-9086654 rt-column-container\">\n\t<div class=\"vc_column-inner rt-column-inner\">\n\t\t<div class=\"wpb_wrapper rt-wrapper\">\n\t\t\t\n\t<div class=\"wpb_text_column wpb_content_element\" >\n\t\t<div class=\"wpb_wrapper\">\n\t\t\t<p class=\"p1\"><span class=\"s1\">Sou Mestre em Psicologia Cl\u00ednica e PAG \u2013 Psicoterapeuta Analista de Grupo. S\u00e3o 40 anos de experi\u00eancia em <b>Psicoterapia de Orienta\u00e7\u00e3o Anal\u00edtica,<\/b> que me alimentaram de hist\u00f3rias, duras e belas. Porque os finais s\u00e3o felizes para quem \u00e9 guerreiro. Ofere\u00e7o-vos os meus saberes, \u00e9tica, confidencialidade e paix\u00e3o pela profiss\u00e3o.<\/span><\/p>\n\n\t\t<\/div>\n\t<\/div>\n\n\t<div class=\"wpb_text_column wpb_content_element\" >\n\t\t<div class=\"wpb_wrapper\">\n\t\t\t<hr class=\"hr_verde\" \/>\n\n\t\t<\/div>\n\t<\/div>\n\n\t\t<\/div>\n\t<\/div>\n\t<\/div>\n\n\t<div class=\"vc_col-sm-3 wpb_column vc_column_container rt-column-container\">\n\t<div class=\"vc_column-inner rt-column-inner\">\n\t\t<div class=\"wpb_wrapper rt-wrapper\">\n\t\t\t\n\t\t<\/div>\n\t<\/div>\n\t<\/div>\n<\/div>\n<\/div>\n\n<div  class=\"content_row row vc_row wpb_row  default-style fullwidth rt-3539435\">\n\t\n\t<div class=\"content_row_wrapper  default\"><div class=\"line-height-max vc_col-sm-6 wpb_column vc_column_container rt-6223793 rt-column-container\">\n\t<div class=\"vc_column-inner rt-column-inner\">\n\t\t<div class=\"wpb_wrapper rt-wrapper\">\n\t\t\t\n\t<div  class=\"wpb_single_image wpb_content_element vc_align_left  wpb_animate_when_almost_visible wpb_fadeIn fadeIn vc_custom_1598466289755\">\n\t\t\n\t\t<figure class=\"wpb_wrapper vc_figure\">\n\t\t\t<div class=\"vc_single_image-wrapper   vc_box_border_grey\"><img fetchpriority=\"high\" decoding=\"async\" width=\"700\" height=\"519\" src=\"https:\/\/helenaanjos.com\/wp-content\/uploads\/2020\/08\/Psicoterapia-1.jpg\" class=\"vc_single_image-img attachment-full\" alt=\"\" srcset=\"https:\/\/helenaanjos.com\/wp-content\/uploads\/2020\/08\/Psicoterapia-1.jpg 700w, https:\/\/helenaanjos.com\/wp-content\/uploads\/2020\/08\/Psicoterapia-1-300x222.jpg 300w, https:\/\/helenaanjos.com\/wp-content\/uploads\/2020\/08\/Psicoterapia-1-350x259.jpg 350w\" sizes=\"(max-width: 700px) 100vw, 700px\" \/><\/div>\n\t\t<\/figure>\n\t<\/div>\n\n\t\t<\/div>\n\t<\/div>\n\t<\/div>\n\n\t<div class=\"line-height-max vc_col-sm-6 wpb_column vc_column_container rt-6269689 rt-column-container\">\n\t<div class=\"vc_column-inner rt-column-inner\">\n\t\t<div class=\"wpb_wrapper rt-wrapper\">\n\t\t\t\n\t<div class=\"wpb_text_column wpb_content_element\" >\n\t\t<div class=\"wpb_wrapper\">\n\t\t\t<p class=\"p1\"><span class=\"s1\">Quando estou com os meus pacientes sou um Cirurgi\u00e3o da Alma! (Coimbra de Matos, 2006). <\/span><\/p>\n<p class=\"p1\"><span class=\"s1\">\u00c9 um trabalho feito com paix\u00e3o, com dor, com entusiasmo, \u00e9 uma viagem ao mundo do outro enquanto o outro se autoriza a viajar pelas suas mem\u00f3rias, medos, d\u00favidas, enquanto se autoriza a ser livre. Pessoa!<\/span><\/p>\n<p class=\"p1\"><span class=\"s1\">Preparei-me para ter \u00abcapacidade, afetiva e intelectual, possuir os meios t\u00e9cnicos, e usufruir da liberdade e toler\u00e2ncia, necess\u00e1rias e suficientes, para compreender o outro na sua particular subjetividade, na sua individual aspira\u00e7\u00e3o, e na realidade da sua singularidade\u00bb (Coimbra de Matos, 2006).<\/span><\/p>\n<p class=\"p1\"><span class=\"s1\">Tenho os meus pacientes que me procuram para falar dos amores, das m\u00e1goas, das d\u00favidas que lhes travam o \u00abagir\u00bb. Que ousam revisitar o passado para se apaziguarem ou para se encontrarem. \u00c9 um trabalho poderoso, um caminho feito com \u00absangue, suor e l\u00e1grimas\u00bb e muitos sorrisos. <\/span><\/p>\n\n\t\t<\/div>\n\t<\/div>\n<div class=\"vc_empty_space\"   style=\"height: 32px\"><span class=\"vc_empty_space_inner\"><\/span><\/div>\n\t\t<\/div>\n\t<\/div>\n\t<\/div>\n<\/div>\n<\/div>\n\n<div  class=\"content_row row bg_not_mobile vc_row wpb_row  default-style fullwidth rt-9504965\">\n\t\n\t<div class=\"content_row_wrapper  default\">\n\t<div class=\"center vc_col-sm-12 wpb_column vc_column_container rt-6328389 rt-column-container\">\n\t<div class=\"vc_column-inner rt-column-inner\">\n\t\t<div class=\"wpb_wrapper rt-wrapper\">\n\t\t\t<div class=\"vc_separator wpb_content_element vc_separator_align_center vc_sep_width_100 vc_sep_style-1 vc_sep_pos_align_center vc_separator_no_text vc_sep_color_#ffc33e\" ><span class=\"vc_sep_holder vc_sep_holder_l\"><span  class=\"vc_sep_line\"><\/span><\/span><span class=\"vc_sep_holder vc_sep_holder_r\"><span  class=\"vc_sep_line\"><\/span><\/span>\n<\/div>\n\t<div class=\"wpb_text_column wpb_content_element\" >\n\t\t<div class=\"wpb_wrapper\">\n\t\t\t<h4 class=\"banner_home\">(&#8230;) E NA MINHA VIDA TAMB\u00c9M EXISTIAM OS AMIGOS, O MEU PSICANALISTA, O TRABALHO, OS PROJETOS LIGADOS AO RESPEITO E ESTIMA PELAS PESSOAS, OS MENINOS QUE ACOMPANHEI EM PSICOTERAPIA, O SENHOR DO TALHO (&#8230;)<\/h4>\n\n\t\t<\/div>\n\t<\/div>\n<div class=\"vc_separator wpb_content_element vc_separator_align_center vc_sep_width_100 vc_sep_style-1 vc_sep_pos_align_center vc_separator_no_text vc_sep_color_#ffc33e\" ><span class=\"vc_sep_holder vc_sep_holder_l\"><span  class=\"vc_sep_line\"><\/span><\/span><span class=\"vc_sep_holder vc_sep_holder_r\"><span  class=\"vc_sep_line\"><\/span><\/span>\n<\/div>\n\t\t<\/div>\n\t<\/div>\n\t<\/div>\n\n<\/div>\n<\/div>\n\n<div  class=\"content_row row vc_row wpb_row  default-style fullwidth rt-3539435\">\n\t\n\t<div class=\"content_row_wrapper  default\"><div class=\"line-height-max vc_col-sm-8 wpb_column vc_column_container rt-6223793 rt-column-container\">\n\t<div class=\"vc_column-inner rt-column-inner\">\n\t\t<div class=\"wpb_wrapper rt-wrapper\">\n\t\t\t\n\t<div class=\"wpb_text_column wpb_content_element\" >\n\t\t<div class=\"wpb_wrapper\">\n\t\t\t<p class=\"p1\"><span class=\"s1\">E veio a Psicologia, a curiosidade por Freud, o homem que suportou tanta dor. No final do curso decidi que gostaria de perceber a doen\u00e7a mental. Durante 18 meses estive no Hospital Miguel Bombarda, onde acompanhei um grupo de doentes cr\u00f3nicos.<\/span><\/p>\n<p class=\"p1\"><span class=\"s1\">Foram estes homens que me ensinaram a linguagem da dor escondida, o c\u00f3digo dos gritos, a falta de sentido com sentido dos sorrisos, sorrisos que surgem sem motivo aparente.<\/span><\/p>\n<p class=\"p1\"><span class=\"s1\">E em cada um destes homens vi a hist\u00f3ria do Petit Prince. Conheciam os embondeiros e cuidavam deles. Conversavam durante horas esquecidas com a Raposa, sabiam ser solid\u00e1rios e solit\u00e1rios.\u00a0<\/span><\/p>\n\n\t\t<\/div>\n\t<\/div>\n\n\t\t<\/div>\n\t<\/div>\n\t<\/div>\n\n\t<div class=\"line-height-max vc_col-sm-4 wpb_column vc_column_container rt-6269689 rt-column-container\">\n\t<div class=\"vc_column-inner rt-column-inner\">\n\t\t<div class=\"wpb_wrapper rt-wrapper\">\n\t\t\t\n\t<div  class=\"wpb_single_image wpb_content_element vc_align_left  wpb_animate_when_almost_visible wpb_fadeIn fadeIn vc_custom_1598466296871\">\n\t\t\n\t\t<figure class=\"wpb_wrapper vc_figure\">\n\t\t\t<div class=\"vc_single_image-wrapper   vc_box_border_grey\"><img decoding=\"async\" width=\"600\" height=\"730\" src=\"https:\/\/helenaanjos.com\/wp-content\/uploads\/2020\/08\/Psicoterapia-2.jpg\" class=\"vc_single_image-img attachment-full\" alt=\"\" srcset=\"https:\/\/helenaanjos.com\/wp-content\/uploads\/2020\/08\/Psicoterapia-2.jpg 600w, https:\/\/helenaanjos.com\/wp-content\/uploads\/2020\/08\/Psicoterapia-2-247x300.jpg 247w, https:\/\/helenaanjos.com\/wp-content\/uploads\/2020\/08\/Psicoterapia-2-300x365.jpg 300w\" sizes=\"(max-width: 600px) 100vw, 600px\" \/><\/div>\n\t\t<\/figure>\n\t<\/div>\n<div class=\"vc_empty_space\"   style=\"height: 32px\"><span class=\"vc_empty_space_inner\"><\/span><\/div>\n\t\t<\/div>\n\t<\/div>\n\t<\/div>\n<\/div>\n<\/div>","protected":false},"excerpt":{"rendered":"PSICOTERAPIA DE ORIENTA\u00c7\u00c3O ANAL\u00cdTICA Sou Mestre em Psicologia Cl\u00ednica e PAG \u2013 Psicoterapeuta Analista de Grupo. S\u00e3o 40 anos de experi\u00eancia em Psicoterapia de Orienta\u00e7\u00e3o Anal\u00edtica, que me alimentaram de hist\u00f3rias, duras e belas. Porque os finais s\u00e3o felizes para quem \u00e9 guerreiro. Ofere\u00e7o-vos os meus saberes, \u00e9tica, confidencialidade e paix\u00e3o pela profiss\u00e3o. Quando estou [...]","protected":false},"author":1,"featured_media":0,"parent":0,"menu_order":0,"comment_status":"closed","ping_status":"closed","template":"","meta":{"footnotes":""},"class_list":["post-5010","page","type-page","status-publish","hentry"],"_links":{"self":[{"href":"https:\/\/helenaanjos.com\/en_en\/wp-json\/wp\/v2\/pages\/5010","targetHints":{"allow":["GET"]}}],"collection":[{"href":"https:\/\/helenaanjos.com\/en_en\/wp-json\/wp\/v2\/pages"}],"about":[{"href":"https:\/\/helenaanjos.com\/en_en\/wp-json\/wp\/v2\/types\/page"}],"author":[{"embeddable":true,"href":"https:\/\/helenaanjos.com\/en_en\/wp-json\/wp\/v2\/users\/1"}],"replies":[{"embeddable":true,"href":"https:\/\/helenaanjos.com\/en_en\/wp-json\/wp\/v2\/comments?post=5010"}],"version-history":[{"count":13,"href":"https:\/\/helenaanjos.com\/en_en\/wp-json\/wp\/v2\/pages\/5010\/revisions"}],"predecessor-version":[{"id":5531,"href":"https:\/\/helenaanjos.com\/en_en\/wp-json\/wp\/v2\/pages\/5010\/revisions\/5531"}],"wp:attachment":[{"href":"https:\/\/helenaanjos.com\/en_en\/wp-json\/wp\/v2\/media?parent=5010"}],"curies":[{"name":"wp","href":"https:\/\/api.w.org\/{rel}","templated":true}]}}

<div  class="content_row row vc_row wpb_row  default-style fullwidth">
	
	<div class="content_row_wrapper  default">
	<div class="center vc_col-sm-12 wpb_column vc_column_container rt-1221092 has-bg-image has-custom-bg custom_bg rt-column-container"><div class="rt-parallax-background has-bg-image" data-rt-parallax-direction="-1" data-rt-parallax-effect="horizontal" data-rt-parallax-speed="1" style="background-image: url(https://helenaanjos.com/wp-content/uploads/2020/08/psicoterapia_topo.jpg);background-repeat: no-repeat!important;background-size: 50% auto!important;background-attachment: scroll!important;background-position: center center!important;"></div>
	<div class="vc_column-inner rt-column-inner">
		<div class="wpb_wrapper rt-wrapper">
			<div class="vc_empty_space"   style="height: 130px"><span class="vc_empty_space_inner"></span></div>
	<div class="wpb_text_column wpb_content_element" >
		<div class="wpb_wrapper">
			<h1>PSICOTERAPIA DE<br />
ORIENTAÇÃO ANALÍTICA</h1>

		</div>
	</div>

	<div  class="wpb_single_image wpb_content_element vc_align_center">
		
		<figure class="wpb_wrapper vc_figure">
			<div class="vc_single_image-wrapper   vc_box_border_grey"><img decoding="async" width="150" height="26" src="https://helenaanjos.com/wp-content/uploads/2020/08/separadorAzeitona-150x26.png" class="vc_single_image-img attachment-thumbnail" alt="" /></div>
		</figure>
	</div>

		</div>
	</div>
	</div>

</div>
</div>

<div  class="content_row row vc_row wpb_row  default-style fullwidth">
	
	<div class="content_row_wrapper  default"><div class="center vc_col-sm-3 wpb_column vc_column_container rt-7369568 rt-column-container">
	<div class="vc_column-inner rt-column-inner">
		<div class="wpb_wrapper rt-wrapper">
			
		</div>
	</div>
	</div>

	<div class="center vc_col-sm-6 wpb_column vc_column_container rt-9086654 rt-column-container">
	<div class="vc_column-inner rt-column-inner">
		<div class="wpb_wrapper rt-wrapper">
			
	<div class="wpb_text_column wpb_content_element" >
		<div class="wpb_wrapper">
			<p class="p1"><span class="s1">Sou Mestre em Psicologia Clínica e PAG – Psicoterapeuta Analista de Grupo. São 40 anos de experiência em <b>Psicoterapia de Orientação Analítica,</b> que me alimentaram de histórias, duras e belas. Porque os finais são felizes para quem é guerreiro. Ofereço-vos os meus saberes, ética, confidencialidade e paixão pela profissão.</span></p>

		</div>
	</div>

	<div class="wpb_text_column wpb_content_element" >
		<div class="wpb_wrapper">
			<hr class="hr_verde" />

		</div>
	</div>

		</div>
	</div>
	</div>

	<div class="vc_col-sm-3 wpb_column vc_column_container rt-column-container">
	<div class="vc_column-inner rt-column-inner">
		<div class="wpb_wrapper rt-wrapper">
			
		</div>
	</div>
	</div>
</div>
</div>

<div  class="content_row row vc_row wpb_row  default-style fullwidth rt-3539435">
	
	<div class="content_row_wrapper  default"><div class="line-height-max vc_col-sm-6 wpb_column vc_column_container rt-6223793 rt-column-container">
	<div class="vc_column-inner rt-column-inner">
		<div class="wpb_wrapper rt-wrapper">
			
	<div  class="wpb_single_image wpb_content_element vc_align_left  wpb_animate_when_almost_visible wpb_fadeIn fadeIn vc_custom_1598466289755">
		
		<figure class="wpb_wrapper vc_figure">
			<div class="vc_single_image-wrapper   vc_box_border_grey"><img fetchpriority="high" decoding="async" width="700" height="519" src="https://helenaanjos.com/wp-content/uploads/2020/08/Psicoterapia-1.jpg" class="vc_single_image-img attachment-full" alt="" srcset="https://helenaanjos.com/wp-content/uploads/2020/08/Psicoterapia-1.jpg 700w, https://helenaanjos.com/wp-content/uploads/2020/08/Psicoterapia-1-300x222.jpg 300w, https://helenaanjos.com/wp-content/uploads/2020/08/Psicoterapia-1-350x259.jpg 350w" sizes="(max-width: 700px) 100vw, 700px" /></div>
		</figure>
	</div>

		</div>
	</div>
	</div>

	<div class="line-height-max vc_col-sm-6 wpb_column vc_column_container rt-6269689 rt-column-container">
	<div class="vc_column-inner rt-column-inner">
		<div class="wpb_wrapper rt-wrapper">
			
	<div class="wpb_text_column wpb_content_element" >
		<div class="wpb_wrapper">
			<p class="p1"><span class="s1">Quando estou com os meus pacientes sou um Cirurgião da Alma! (Coimbra de Matos, 2006). </span></p>
<p class="p1"><span class="s1">É um trabalho feito com paixão, com dor, com entusiasmo, é uma viagem ao mundo do outro enquanto o outro se autoriza a viajar pelas suas memórias, medos, dúvidas, enquanto se autoriza a ser livre. Pessoa!</span></p>
<p class="p1"><span class="s1">Preparei-me para ter «capacidade, afetiva e intelectual, possuir os meios técnicos, e usufruir da liberdade e tolerância, necessárias e suficientes, para compreender o outro na sua particular subjetividade, na sua individual aspiração, e na realidade da sua singularidade» (Coimbra de Matos, 2006).</span></p>
<p class="p1"><span class="s1">Tenho os meus pacientes que me procuram para falar dos amores, das mágoas, das dúvidas que lhes travam o «agir». Que ousam revisitar o passado para se apaziguarem ou para se encontrarem. É um trabalho poderoso, um caminho feito com «sangue, suor e lágrimas» e muitos sorrisos. </span></p>

		</div>
	</div>
<div class="vc_empty_space"   style="height: 32px"><span class="vc_empty_space_inner"></span></div>
		</div>
	</div>
	</div>
</div>
</div>

<div  class="content_row row bg_not_mobile vc_row wpb_row  default-style fullwidth rt-9504965">
	
	<div class="content_row_wrapper  default">
	<div class="center vc_col-sm-12 wpb_column vc_column_container rt-6328389 rt-column-container">
	<div class="vc_column-inner rt-column-inner">
		<div class="wpb_wrapper rt-wrapper">
			<div class="vc_separator wpb_content_element vc_separator_align_center vc_sep_width_100 vc_sep_style-1 vc_sep_pos_align_center vc_separator_no_text vc_sep_color_#ffc33e" ><span class="vc_sep_holder vc_sep_holder_l"><span  class="vc_sep_line"></span></span><span class="vc_sep_holder vc_sep_holder_r"><span  class="vc_sep_line"></span></span>
</div>
	<div class="wpb_text_column wpb_content_element" >
		<div class="wpb_wrapper">
			<h4 class="banner_home">(&#8230;) E NA MINHA VIDA TAMBÉM EXISTIAM OS AMIGOS, O MEU PSICANALISTA, O TRABALHO, OS PROJETOS LIGADOS AO RESPEITO E ESTIMA PELAS PESSOAS, OS MENINOS QUE ACOMPANHEI EM PSICOTERAPIA, O SENHOR DO TALHO (&#8230;)</h4>

		</div>
	</div>
<div class="vc_separator wpb_content_element vc_separator_align_center vc_sep_width_100 vc_sep_style-1 vc_sep_pos_align_center vc_separator_no_text vc_sep_color_#ffc33e" ><span class="vc_sep_holder vc_sep_holder_l"><span  class="vc_sep_line"></span></span><span class="vc_sep_holder vc_sep_holder_r"><span  class="vc_sep_line"></span></span>
</div>
		</div>
	</div>
	</div>

</div>
</div>

<div  class="content_row row vc_row wpb_row  default-style fullwidth rt-3539435">
	
	<div class="content_row_wrapper  default"><div class="line-height-max vc_col-sm-8 wpb_column vc_column_container rt-6223793 rt-column-container">
	<div class="vc_column-inner rt-column-inner">
		<div class="wpb_wrapper rt-wrapper">
			
	<div class="wpb_text_column wpb_content_element" >
		<div class="wpb_wrapper">
			<p class="p1"><span class="s1">E veio a Psicologia, a curiosidade por Freud, o homem que suportou tanta dor. No final do curso decidi que gostaria de perceber a doença mental. Durante 18 meses estive no Hospital Miguel Bombarda, onde acompanhei um grupo de doentes crónicos.</span></p>
<p class="p1"><span class="s1">Foram estes homens que me ensinaram a linguagem da dor escondida, o código dos gritos, a falta de sentido com sentido dos sorrisos, sorrisos que surgem sem motivo aparente.</span></p>
<p class="p1"><span class="s1">E em cada um destes homens vi a história do Petit Prince. Conheciam os embondeiros e cuidavam deles. Conversavam durante horas esquecidas com a Raposa, sabiam ser solidários e solitários. </span></p>

		</div>
	</div>

		</div>
	</div>
	</div>

	<div class="line-height-max vc_col-sm-4 wpb_column vc_column_container rt-6269689 rt-column-container">
	<div class="vc_column-inner rt-column-inner">
		<div class="wpb_wrapper rt-wrapper">
			
	<div  class="wpb_single_image wpb_content_element vc_align_left  wpb_animate_when_almost_visible wpb_fadeIn fadeIn vc_custom_1598466296871">
		
		<figure class="wpb_wrapper vc_figure">
			<div class="vc_single_image-wrapper   vc_box_border_grey"><img decoding="async" width="600" height="730" src="https://helenaanjos.com/wp-content/uploads/2020/08/Psicoterapia-2.jpg" class="vc_single_image-img attachment-full" alt="" srcset="https://helenaanjos.com/wp-content/uploads/2020/08/Psicoterapia-2.jpg 600w, https://helenaanjos.com/wp-content/uploads/2020/08/Psicoterapia-2-247x300.jpg 247w, https://helenaanjos.com/wp-content/uploads/2020/08/Psicoterapia-2-300x365.jpg 300w" sizes="(max-width: 600px) 100vw, 600px" /></div>
		</figure>
	</div>
<div class="vc_empty_space"   style="height: 32px"><span class="vc_empty_space_inner"></span></div>
		</div>
	</div>
	</div>
</div>
</div>

PSICOTERAPIA DE ORIENTAÇÃO ANALÍTICA Sou Mestre em Psicologia Clínica e PAG – Psicoterapeuta Analista de Grupo. São 40 anos de experiência em Psicoterapia de Orientação Analítica, que me alimentaram de histórias, duras e belas. Porque os finais são felizes para quem é guerreiro. Ofereço-vos os meus saberes, ética, confidencialidade e paixão pela profissão. Quando estou [...]
